at is 0 (base 4) in base 14?
0
-41 (base 5) to base 16
-15
-11 (base 7) to base 14
-8
Convert -6 (base 16) to base 15.
-6
What is 16 (base 15) in base 16?
15
11 (base 9) to base 6
14
Convert -7 (base 9) to base 15.
-7
Convert 144 (base 8) to base 3.
10201
What is 102 (base 3) in base 10?
11
What is -2 (base 15) in base 5?
-2
Convert 2 (base 5) to base 10.
2
-c (base 15) to base 8
-14
What is -110110 (base 2) in base 12?
-46
Convert 1010111 (base 2) to base 6.
223
Convert 1 (base 12) to base 14.
1
3 (base 9) to base 5
3
What is 2 (base 13) in base 3?
2
What is 12 (base 3) in base 14?
5
What is 1 (base 9) in base 2?
1
11 (base 11) to base 4
30
2 (base 16) to base 5
2
What is -3 (base 5) in base 9?
-3
11 (base 9) to base 11
a
Convert 1010 (base 2) to base 15.
a
Convert -161 (base 7) to base 12.
-78
Convert 1001 (base 2) to base 14.
9
Convert -33 (base 5) to base 3.
-200
-26 (base 15) to base 8
-44
Convert 62 (base 11) to base 10.
68
What is 79 (base 10) in base 3?
2221
What is -b (base 14) in base 7?
-14
Convert -210 (base 4) to base 10.
-36
Convert -1 (base 15) to base 10.
-1
-c7 (base 13) to base 8
-243
What is -19 (base 14) in base 3?
-212
12012 (base 3) to base 12
b8
What is 45 (base 15) in base 2?
1000001
What is 17 (base 15) in base 9?
24
Convert -21 (base 13) to base 15.
-1c
Convert -12 (base 6) to base 2.
-1000
Convert 43 (base 6) to base 11.
25
Convert -2 (base 4) to base 14.
-2
-30 (base 8) to base 15
-19
What is -3a (base 13) in base 12?
-41
110 (base 2) to base 15
6
Convert -3 (base 13) to base 14.
-3
14 (base 6) to base 9
11
What is -9 (base 13) in base 8?
-11
-24 (base 11) to base 12
-22
What is 100 (base 2) in base 7?
4
2 (base 4) to base 9
2
232 (base 5) to base 14
4b
What is 30 (base 7) in base 9?
23
Convert c0 (base 13) to base 11.
132
What is -1 (base 6) in base 4?
-1
2 (base 16) to base 7
2
9 (base 15) to base 14
9
What is -5 (base 10) in base 15?
-5
0 (base 15) to base 4
0
-12 (base 11) to base 7
-16
What is 4 (base 5) in base 2?
100
Convert -26 (base 16) to base 14.
-2a
4 (base 5) to base 10
4
-1000110 (base 2) to base 11
-64
Convert -44 (base 8) to base 10.
-36
What is -21 (base 5) in base 10?
-11
Convert 47 (base 8) to base 6.
103
What is 23 (base 13) in base 6?
45
Convert -26 (base 8) to base 15.
-17
What is -3032 (base 4) in base 6?
-542
9 (base 11) to base 7
12
-b9 (base 16) to base 12
-135
Convert -2 (base 8) to base 13.
-2
What is 11 (base 6) in base 13?
7
Convert 43 (base 11) to base 5.
142
16 (base 16) to base 10
22
Convert 10 (base 10) to base 7.
13
What is -26 (base 16) in base 3?
-1102
Convert 10001 (base 2) to base 6.
25
Convert -1f (base 16) to base 14.
-23
Convert 20 (base 3) to base 9.
6
Convert 35 (base 6) to base 15.
18
What is 24 (base 5) in base 11?
13
2 (base 6) to base 13
2
What is -101 (base 2) in base 8?
-5
Convert 4 (base 13) to base 3.
11
10 (base 8) to base 14
8
What is -5 (base 10) in base 7?
-5
b (base 14) to base 11
10
What is -12 (base 8) in base 15?
-a
What is -19 (base 16) in base 10?
-25
-20 (base 5) to base 2
-1010
Convert -1b (base 16) to base 13.
-21
What is 10 (base 4) in base 7?
4
1 (base 8) to base 3
1
20 (base 3) to base 15
6
Convert 8 (base 9) to base 2.
1000
Convert 6 (base 12) to base 6.
10
What is 141 (base 6) in base 2?
111101
5 (base 14) to base 16
5
6 (base 7) to base 2
110
1 (base 15) to base 4
1
Convert -3 (base 12) to base 10.
-3
What is 44 (base 6) in base 13?
22
25 (base 8) to base 10
21
What is -2 (base 5) in base 7?
-2
4 (base 16) to base 8
4
-20 (base 7) to base 4
-32
-48 (base 13) to base 14
-44
-121 (base 3) to base 8
-20
Convert 3 (base 9) to base 13.
3
Convert -287 (base 11) to base 3.
-110111
Convert -7 (base 9) to base 12.
-7
-1332 (base 4) to base 13
-99
-3 (base 15) to base 3
-10
Convert 100 (base 2) to base 5.
4
What is 12 (base 5) in base 11?
7
What is 111 (base 4) in base 7?
30
Convert -15 (base 9) to base 7.
-20
Convert 4 (base 14) to base 10.
4
What is 145 (base 7) in base 2?
1010010
What is 323 (base 4) in base 14?
43
Convert 201 (base 3) to base 16.
13
Convert -1 (base 4) to base 12.
-1
-8 (base 16) to base 14
-8
Convert -14 (base 9) to base 2.
-1101
Convert 0 (base 11) to base 10.
0
-11210 (base 3) to base 13
-9c
5 (base 8) to base 14
5
Convert 2 (base 16) to base 13.
2
Convert -56 (base 8) to base 13.
-37
What is -2 (base 15) in base 5?
-2
Convert 10 (base 2) to base 8.
2
Convert -46 (base 13) to base 6.
-134
What is 3 (base 4) in base 12?
3
Convert -53 (base 13) to base 9.
-75
2 (base 4) to base 2
10
12 (base 5) to base 3
21
What is -cb (base 13) in base 10?
-167
13 (base 16) to base 7
25
11011 (base 2) to base 9
30
What is -19 (base 12) in base 5?
-41
10 (base 6) to base 15
6
Convert 1 (base 12) to base 14.
1
What is 0 (base 2) in base 8?
0
What is -205 (base 6) in base 15?
-52
1 (base 16) to base 6
1
Convert -111221 (base 3) to base 13.
-22c
-1 (base 4) to base 5
-1
Convert 1ba (base 14) to base 13.
219
Convert 1a (base 12) to base 9.
24
14 (base 10) to base 14
10
Convert -230 (base 4) to base 7.
-62
What is 3 (base 13) in base 9?
3
Convert 3 (base 7) to base 14.
3
-272 (base 12) to base 11
-310
5 (base 14) to base 13
5
-10 (base 9) to base 5
-14
434 (base 5) to base 15
7e
Convert 2 (base 16) to base 3.
2
What is 3 (base 8) in base 11?
3
Convert 163 (base 9) to base 6.
350
Convert -13 (base 13) to base 7.
-22
Convert -9 (base 16) to base 7.
-12
What is 0 (base 8) in base 5?
0
What is -1 (base 11) in base 6?
-1
Convert 58 (base 16) to base 14.
64
7 (base 14) to base 11
7
Convert -46 (base 16) to base 13.
-55
Convert 13 (base 8) to base 7.
14
2313 (base 4) to base 8
267
Convert -5 (base 14) to base 8.
-5
Convert -4 (base 9) to base 4.
-10
a0 (base 12) to base 14
88
What is -1 (base 13) in base 14?
-1
-1122 (base 6) to base 11
-222
Convert 1 (base 4) to base 2.
1
2 (base 11) to base 5
2
Convert 0 (base 15) to base 5.
0
What is -5 (base 15) in base 4?
-11
What is 5 (base 12) in base 5?
10
What is 42 (base 8) in base 4?
202
What is b (base 13) in base 7?
14
What is 101 (base 15) in base 13?
145
Convert -6 (base 14) to base 4.
-12
Convert 3 (base 11) to base 10.
3
What is 6 (base 7) in base 9?
6
Convert 4 (base 14) to base 5.
4
Convert -32 (base 13) to base 4.
-221
Convert 2 (base 10) to base 12.
2
Convert -1111 (base 2) to base 4.
-33
What is -20112 (base 3) in base 11?
-150
Convert 3 (base 5) to base 7.
3
0 (base 10) to base 15
0
100100 (base 2) to base 11
33
Convert -2 (base 9) to base 8.
-2
25 (base 15) to base 13
29
-1 (base 13) to base 12
-1
What is -2 (base 14) in base 10?
-2
What is 113 (base 5) in base 14?
25
What is 2d (base 15) in base 6?
111
What is -4 (base 14) in base 10?
-4
What is -11 (base 14) in base 12?
-13
-14 (base 12) to base 16
-10
1010 (base 2) to base 9
11
Convert 69 (base 14) to base 9.
113
What is 203 (base 4) in base 5?
120
Convert -6 (base 7) to base 6.
-10
-78 (base 14) to base 15
-71
What is -44 (base 11) in base 16?
-30
What is 194 (base 12) in base 9?
314
What is -314 (base 5) in base 11?
-77
-1 (base 7) to base 12
-1
-92 (base 10) to base 14
-68
3 (base 13) to base 4
3
-6 (base 14) to base 13
-6
-27 (base 16) to base 8
-47
Convert 232 (base 7) to base 8.
171
-30 (base 5) to base 13
-12
5 (base 8) to base 11
5
5 (base 16) to base 2
101
What is -164 (base 7) in base 15?
-65
31 (base 4) to base 3
111
1 (base 11) to base 5
1
What is 1 (base 10) in base 6?
1
-3 (base 16) to base 14
-3
1 (base 7) to base 3
1
-10 (base 15) to base 11
-14
-1111 (base 2) to base 3
-120
3 (base 4) to base 3
10
What is 28 (base 13) in base 9?
37
What is -4b (base 12) in base 6?
-135
What is -122 (base 8) in base 11?
-75
Convert -11 (base 14) to base 10.
-15
What is -2 (base 10) in base 14?
-2
What is -10 (base 4) in base 7?
-4
-110001 (base 2) to base 12
-41
-2 (base 11) to base 4
-2
7 (base 15) to base 2
111
Convert -120 (base 10) to base 16.
-78
What is -8 (base 10) in base 4?
-20
-45 (base 13) to base 16
-39
Convert 1 (base 4) to base 8.
1
Convert 120 (base 8) to base 14.
5a
What is 115 (base 6) in base 12?
3b
Convert 331 (base 4) to base 2.
111101
Convert -505 (base 7) to base 2.
-11111010
What is 7 (base 15) in base 5?
12
5 (base 13) to base 10
5
1c (base 13) to base 4
121
What is -246 (base 7) in base 4?
-2010
2 (base 16) to base 5
2
46 (b